p - 9. Let r be y(6). Let w = c + r. Is w composite?
False
Suppose 0 = -6*f + 157 - 85. Let c(a) = -3*a**2 + 2*a**2 + a + 18*a - 49. Is c(f) a prime number?
False
Let c(t) = -262*t**3 + 3*t**2 + 13*t + 11. Is c(-10) a composite number?
True
Let h(p) = 223*p + 1 - p**3 + 12 - 221*p + 11*p**2. Is h(-8) a prime number?
True
Is (104/(-8) + 192542)*1 a prime number?
True
Suppose -730 = s - 0*s. Let g = -241 - s. Suppose 4*x - 2328 = -f, -x + g = 5*f - 112. Is x a composite number?
True
Suppose 73*r = 71*r - 12. Let z be (-2)/r*(7 - 7). Suppose z = -6*i + 3354 + 456. Is i a composite number?
True
Let x(g) be the second derivative of g**4/6 - g**3/6 + 651*g**2/2 + 3*g. Let r be x(0). Suppose 7*p - r = 2702. Is p a composite number?
False
Suppose -2415 = -6*y + 1545. Let g(f) = f. Let h be g(-3). Is -4 - (y*(1 + -3) + h) composite?
False
Let w = 67 + -81. Let b be ((-84)/w)/((-2)/(-1057)). Suppose -3*g + b = -360. Is g a prime number?
False
Let o = 956 + -955. Let t be ((-27)/3)/((-1)/3). Is 74*(o + t/6) a composite number?
True
Let t(l) = 5*l**2 + 17*l + 11. Let d be t(-3). Suppose -i + 18*o - 23*o + 373 = 0, 2*i + d*o = 746. Is i a prime number?
True
Let g(s) = 271*s**3 + 18*s**2 - 57*s - 37. Is g(5) prime?
False
Let t(x) = -41999*x**3 + 6*x**2 - 2*x - 19. Is t(-2) prime?
False
Suppose 16*m = -12806 + 77846. Suppose -7*s + 19000 = -m. Is s prime?
False
Suppose -4*c + 4*b + 91376 = 0, -2*c + 3*b = -23735 - 21954. Is c composite?
True
Let q(p) = -8*p**3 + 0*p**3 + 9*p**3 - 6*p**2 - 5 - 6*p + p**2. Suppose 2*j = -0*j + 18. Is q(j) prime?
False
Suppose -2*o = -19*p + 14*p - 360811, o - p = 180410. Is o a prime number?
True
Suppose 712*y - 47564785 = 567*y. Is y a composite number?
True
Let q be -4 - 32/(-8) - -8. Is (-6)/((-48)/q)*(-8129)/(-1) a composite number?
True
Let b = 37 + -37. Suppose -3*s - 9 = b, -s = 2*m + 2*s - 55. Is ((-4)/m*-4)/(2/1148) a composite number?
True
Let i(f) = 77 + 77 - 127 + 391*f + 505*f. Is i(5) prime?
True
Suppose 143*b = 123*b + 239140. Is b a prime number?
False
Is (-2365162)/(-7 - 5/(-1)) a composite number?
False
Suppose -4*x - v + 49609 = 0, 4*v - 37223 = 97*x - 100*x. Is x prime?
True
Let i(p) = 324*p**2 + 8*p + 13. Let z(m) = 14*m - 1. Let x be z(-1). Let g be 2/(-3) + 20/x. Is i(g) prime?
False
Let c(n) = -436613*n + 5139. Is c(-4) a composite number?
True
Is (-2 + 0 + -555)*(-83 - -36) prime?
False
Suppose 4*o + o - 40 = -5*s, -2*s + 28 = -4*o. Is (3 + (-25)/s)*3138 composite?
True
Let z be (-194 - -19)/(0 + (-2)/26). Let k(i) = 18*i**2 + 20*i - 36. Let n be k(15). Let l = n - z. Is l composite?
False
Let x(w) = 92*w - 77*w + 51*w + 139. Is x(8) composite?
True
Suppose -11*a + 4*a + 5070563 = 46*a. Is a a prime number?
False
Suppose -4*h + 1643827 = 3*i, -4*i + 3*h + 660097 = -1531689. Is i composite?
True
Let l = 24153 - 4022. Is l composite?
True
Let f(u) = -98806*u - 2261. Is f(-10) prime?
True
Suppose -4*s = 4*p - 4, 3*p - 12 = 3*s - 3. Let i(t) = -3 - 26 - 3 - 13 - 8*t + 3*t**p. Is i(-22) a composite number?
False
Let a(u) = -11*u. Let v be a(1). Is -4 - (1 + v) - -405 a prime number?
False
Suppose -5*m + k + 170 = 0, 2*m + 0*m - k = 65. Let z(q) = -38*q - m - 2 + 60*q + 113*q. Is z(10) composite?
True
Let j be 4/(-1)*(-1)/6*5277. Suppose -443 = 5*v - j. Suppose -4*c + c + v = 0. Is c prime?
False
Let r(o) = 1321*o + 2525. Is r(24) composite?
True
Is (63859/(-4) + 5)*-4 composite?
False
Let i = 7699 + -3498. Is i composite?
False
Let m = -834 + 1430. Let b = 15 - 11. Suppose 4*h = b*t + m, 2*t - 332 = -2*h - 34. Is h a composite number?
False
Suppose -n = -30 - 0. Suppose -u - 10 = -n. Suppose y = 191 + u. Is y prime?
True
Let l(o) = -237*o + 9. Let k be -12*-1*(-5)/(-10). Let j be l(k). Let n = 2082 + j. Is n composite?
True
Let j(r) = -749*r + 15. Let z be -3 - 1 - (-10 + -108). Let y = -116 + z. Is j(y) a prime number?
False
Let w = 124276 + -73398. Is w a composite number?
True
Let l = 1112 + -460. Let d = 298 + l. Let o = d - 37. Is o prime?
False
Let j(y) = 43*y**2 + 4*y - 7. Let x = -153 + 143. Is j(x) prime?
True
Let m(y) = 7*y**3 + 13*y**2 - 53*y + 2. Let t be m(5). Suppose 0*i + i + 638 = -x, -3*x = -5*i + 1914. Let s = t + x. Is s a composite number?
True
Let l(f) = -308*f**3 - 4*f**2 + 5*f + 4. Suppose -72 = -7*a - 93. Is l(a) a prime number?
True
Let b(v) = 8*v + 173. Let c be b(-21). Suppose 2*w - 319 = 1523. Suppose 2*i = c*i - w. Is i a composite number?
False
Suppose 0 = -13*r + 16*r + v - 7009, -4*r = 3*v - 9342. Let x = r + -868. Is x a prime number?
False
Let i(m) = m**2 + 6*m + 6. Let z be i(-4). Let j be ((72/15)/2)/(z/(-5)). Suppose 0 = -j*s + s + 6005. Is s a composite number?
False
Suppose 3*h - 594964 = -5*j, 3*j - 358976 = -h - 1992. Is j composite?
True
Suppose 3*g + m = 4*g + 62, 0 = -3*g - 2*m - 191. Is (-404754)/g*3/2 composite?
True
Suppose -2*h + 57646 = 3*h + p, h - 2*p - 11527 = 0. Suppose 0*d - h = -3*d + 3*w, 0 = d - 2*w - 3841. Is d composite?
True
Suppose -4*a + 7176 = -2*a + 4*s, -5*s = 3*a - 10769. Suppose 44*r = -a + 14642. Is r prime?
True
Let i = 3941770 + -2240199. Is i composite?
False
Suppose -4*h - 3*t = -101643, 0*h - 76226 = -3*h + 4*t. Let o = -13981 + h. Is o a composite number?
True
Let j(q) = 154 + 2*q + 5685 + 0*q**2 + 3*q**2 + q. Is j(0) prime?
True
Let q = 239 - 203. Suppose -r = 2*t - 2105, t = -q*r + 33*r + 6300. Is r composite?
False
Suppose -72*r + 7547695 - 3191047 = 0. Is r prime?
True
Let h(f) = 7*f - 7*f**2 + 7*f**2 - 4 + 0 - f**2. Let r be h(5). Let n(o) = 8*o**3 + o + 1. Is n(r) a prime number?
False
Suppose 2*d - 2*k = 169760, 0*d + 4*k = d - 84871. Is d prime?
False
Is 11 - (-48018 + -9) - (-8 + -3) prime?
True
Let j = -115399 - -208010. Is j prime?
False
Let i = 3407 - -1622. Suppose 5*r - 4*a = i, 0*a = -4*r - a + 4040. Is r a composite number?
False
Let t(s) = 2*s**2 + 15*s + s**2 - 4*s**2 - 14 + 3*s. Is t(15) composite?
False
Let l = 166917 + -78706. Is l a composite number?
False
Is (1483300/(-13) + -6)*1/(-2) a prime number?
False
Suppose -2*d + 6528 = 14*d. Let a = d - -1031. Is a a composite number?
False
Suppose 7*i = -162*i + 193505. Is i a composite number?
True
Is ((95/50)/19)/((-7)/(-824390)) prime?
True
Suppose -p - 530105 - 262529 = -3*m, 1321056 = 5*m - p. Is m a prime number?
True
Suppose -152*m = -102*m - 5732950. Is m a prime number?
True
Suppose 3*k - 13 = -142. Let g = 45 + k. Suppose -g = -l, -c - 2*l = 2*c - 4507. Is c a composite number?
True
Let y = 63 - 58. Suppose 3*l - 5*l + 4*i = -12726, 0 = -5*l + y*i + 31790. Is l a composite number?
False
Let a = 12 - 13. Let i(q) = -5*q**2 - 2*q - 2. Let g be i(a). Let v(d) = -3*d**3 + d**2 + 8*d + 19. Is v(g) a prime number?
True
Let r(f) = -342*f - 7. Let d(j) = 9235*j + 190. Let p(u) = 2*d(u) + 55*r(u). Let w be p(-1). Is w/1*2/5 a composite number?
True
Is ((-458689)/22 + -10)*6/(-3) a composite number?
False
Is 4762233/810 - 3/10 a prime number?
True
Let f = -44 + 48. Suppose f*d + 860 = -l + 2627, 0 = -3*l - d + 5290. Is l prime?
False
Let s(r) be the second derivative of 169*r**4/6 - r**3/6 - 4*r**2 - 71*r. Is s(-3) a prime number?
True
Let u(w) = 1925*w**2 - 4*w + 2. Let x be u(2). Suppose -5*f + 7431 = 5*v - 5379, -f = 3*v - x. Suppose v = 4*i - 486. Is i a composite number?
True
Suppose 0 = -12*j - 212045 + 703433. Is (4 - (2 + j))*(-2)/6 a prime number?
True
Suppose 356 = -4*z - 3440. Let n = 1540 + z. Is n a composite number?
True
Is (-105*(-72)/5040)/(1 - (-1102910)/(-1102916)) a composite number?
False
Is 99/(-9) - -552793 - 3/(-3)*3 a composite number?
True
Let p be (-4 - -7) + -90418 + -5. Is (-185)/65 - -3 - p/52 a composite number?
True
Suppose -4*g = -5*g. Let l(w) = 14*w - 3*w + 26 + 52 + 37 - 8*w. Is l(g) a prime number?
False
Suppose -4*n - 2*b + 6486 = 0, 5*n = 2*b - b + 8097. Suppose -w = 3*w - n. Let k = 236 + w. Is k composite?
False
Let w(s) = -21*s**2 + 13*s - 73. Let j(u) = -u + 2. Let a(x) = -4*j(x) - w(x). Is a(14) a composite number?
True
Let u(d) be the first derivative of -813*d**2/2 - 328*d - 96. Is u(-27) prime?
False
Let a(j) = -j**3 + 9*j**2 - 6*j - 15. Let z be a(8). Is 36124/22 + (z - 6)*1 a composite number?
False
Let r(u) = -27*u**3 + 9*u**2 - u - 12. Let m be r(6). Is m/(-2) - (-15)/(150/40) a prime number?
True
Let m = 28 - 26.